a = -8580, 4*a + 8544 = 5*m. What is the greatest common factor of m and 256?
16
Let c = -49 + 85. Let l(o) = -o**2 + 355*o - 11722. Let t be l(38). What is the greatest common divisor of c and t?
36
Let q = 4 - 1. Let t be (0 + q)*(-1 + 2). Suppose i + 13 = -4*d, -3*d + 11 + 13 = 3*i. What is the highest common divisor of t and i?
3
Suppose -13085 = 12*q - 1289. Let x = 1217 + q. Calculate the greatest common divisor of 18 and x.
18
Suppose -82*n + 173*n - 448 = 83*n. What is the highest common divisor of 584 and n?
8
Suppose 0 = 4*y - 2*y + 4*x - 14, -21 = -3*y + x. Let b be (-17)/(-4 + 8 - 5). Suppose 0 = b*t - 27*t + 70. What is the highest common factor of t and y?
7
Let f(w) = 3*w + 405. Let v be f(-29). Suppose 0 = -2*h - h + 636. Calculate the highest common divisor of h and v.
106
Let l be (4 - 104/(-10))/(2/(-1120)*-3). Calculate the greatest common divisor of 21 and l.
21
Let i be (1080/63)/(6 + -5 + (-10)/14). Calculate the highest common factor of i and 1092.
12
Let d(w) = -3*w + 3. Let z be d(-6). Suppose -65703 + 65906 = 40*c - 11*c. Calculate the highest common divisor of c and z.
7
Let v(a) = 23*a + 48. Let x(o) = -8*o - 16. Let s(y) = -3*v(y) - 8*x(y). Let r be s(10). Let c = 69 + r. Calculate the highest common divisor of c and 9.
3
Suppose 0*k = 4*g - k - 135, -4*g = 5*k - 117. Let l = 17 - g. Let o = l + 72. Calculate the greatest common factor of 7 and o.
7
Suppose -4*c = -3*w - 300, -300 = 3*w + 13*c - 16*c. Let g = w + 112. Calculate the greatest common divisor of g and 276.
12
Suppose -k - w + 1678 = 0, 2262*k - 2264*k + 3351 = 3*w. What is the greatest common factor of k and 459?
153
Let c = -67246 - -67262. Let p be 126 + ((-6)/(-2) - 1). What is the greatest common divisor of c and p?
16
Suppose 14*s = 7*s + 1547. Calculate the greatest common divisor of s and 391.
17
Let l(u) be the first derivative of 2*u**2 - 47*u - 10. Let d be l(14). Suppose -18*n = -19*n + d. What is the highest common factor of 6 and n?
3
Suppose 2*o - 7 = -3. Suppose 5*d - o*d + 1287 = 3*k, -2105 = -5*k - 5*d. What is the highest common factor of k and 17?
17
Let b be ((-8 + 104)/(-3))/(-2). Suppose -t + 5*p = -30, 19*t = b*t - 3*p + 90. Calculate the greatest common divisor of 72 and t.
6
Suppose -190 = 9*p - 4*p + 2*f, 5*p - f + 175 = 0. Let q be (p/21)/(11/(-385)). Calculate the greatest common divisor of q and 40.
20
Suppose -8*j + 21*j - 4484 = -25*j. Calculate the highest common divisor of j and 1298.
118
Suppose -y - 174 = 2*y. Let c = y - -70. Suppose -14*v + c = -212. Calculate the greatest common factor of 16 and v.
16
Let l be (-478715)/(-268) - (2/8 + 0). Calculate the greatest common divisor of 846 and l.
94
Suppose 305 + 532 + 388 = 7*z. What is the greatest common factor of 925 and z?
25
Let m = -3670 + 6203. What is the greatest common divisor of m and 149?
149
Let m = 309 - -76. Suppose 381*i - m*i + 168 = 0. What is the highest common factor of i and 30?
6
Let a = -9784 - -10028. Calculate the greatest common divisor of 2623 and a.
61
Let g(q) = q**3 + 20*q**2 + 2*q + 18. Let f be g(-20). Let x be (-4 + 0)/((-44)/f). Let i be (27/(-6))/(x/4). What is the highest common divisor of i and 36?
9
Suppose -5*a - 5*a = -50. Suppose -a*y = 2*l - 542, 5*y + 295 = l + 39. What is the greatest common divisor of 28 and l?
14
Let h be ((-3)/(-3) + 122)*104/39. What is the greatest common divisor of h and 287?
41
Let c(u) = u**3 - 2*u**2 + u. Let w be c(3). Suppose 0 = -40*p + w*p + 504. Let t be (-9)/(2*(-2)/4). What is the highest common divisor of t and p?
9
Suppose 2*k + 43 = b, -7*b + 6*b = -5*k - 49. Calculate the greatest common divisor of 1079 and b.
13
Suppose 91*o - 13557 = 11286. Calculate the highest common factor of 728 and o.
91
Suppose -22 = -4*r - 2. Suppose 3*j + 327 = p, 3*j - 4*j - 1705 = -r*p. What is the greatest common divisor of p and 38?
38
Let o(b) = -66*b + 510. Let t be o(-19). Calculate the highest common factor of 1568 and t.
196
Let l(q) = -10*q + 2. Let r be l(3). Let x = 44 + r. Suppose -74*y - 2793 = -24*y - 9993. What is the highest common factor of y and x?
16
Let t(p) = 2*p**3 - 8*p**2 + 33*p - 147. Let j be t(6). Calculate the highest common factor of 20 and j.
5
Suppose -13*u - 8140 = -8244. What is the highest common factor of u and 712?
8
Let k be (-5)/2*48/(-40). Suppose 228 = -k*o - 1107. Let s be (-4)/(-24) - o/30. What is the highest common factor of 165 and s?
15
Let w = -2553 - -8153. Calculate the highest common divisor of 105 and w.
35
Let m = 3 + 8. Let o(n) = -1500*n**2 + 4768*n - 1. Let b be o(3). Calculate the greatest common divisor of b and m.
11
Let a = 67 - 61. Suppose 20 = -4*y, -j + 0*y = 3*y + 9. What is the greatest common factor of a and j?
6
Suppose 0 = 4*i + 4*p - 488, -10*p = -3*i - 7*p + 342. Calculate the highest common factor of i and 1357.
59
Suppose -72 = -529*a + 525*a. Let m = 145 + 16. Let p = m - 107. What is the greatest common factor of a and p?
18
Suppose 51*z - 96*z + 6435 = 0. Let o be -3 + (9/3 - -26). What is the greatest common divisor of o and z?
13
Let b(g) = 17*g**2 + 2719*g + 135. Let z be b(-160). Calculate the greatest common divisor of 45 and z.
5
Let o = -326 + 308. Let p = 601 + o. Calculate the highest common divisor of p and 11.
11
Suppose 60900 = 18*w - 5*w - w. What is the greatest common divisor of w and 870?
145
Suppose -3*m - 5*b - 11 = 0, 0*m - 33 = 5*m + b. Let x(y) = y**2 + y - 19. Let r be x(m). Let z = -241 + 402. Calculate the greatest common divisor of r and z.
23
Let q = 946 + -750. Calculate the highest common factor of 203 and q.
7
Let o be (-2)/10 - (5244/(-20) - 11). What is the greatest common divisor of o and 1001?
91
Suppose -f + 1 + 12 = 2*l, 5*l + f - 31 = 0. Let q = -46 - l. Let h = q + 59. Calculate the greatest common divisor of h and 56.
7
Suppose -11*p = 14*p - 31*p + 215904. What is the highest common divisor of 104 and p?
104
Let j = 21 + -21. Let l be (j + 0)/(1 - 0 - 2). Suppose l = -2*f + 3*i + 146, 5*f - 2*i - 356 = i. Calculate the highest common factor of f and 10.
10
Let w(b) = 12*b - 1. Let s be w(1). Let q be (3/(-4) - (-188)/208) + (-102888)/(-468). Calculate the highest common factor of q and s.
11
Suppose -n + 1257 = 223. What is the greatest common divisor of n and 3854?
94
Let t(j) = 4*j + 46. Let x be t(-11). Let u(f) = 9 + 0*f + f - 7*f + f**x. Let z be u(5). What is the highest common divisor of 2 and z?
2
Suppose -2*z - 58 = -494. Let w = -128 + z. Calculate the greatest common divisor of 54 and w.
18
Let v(l) = 52*l**3 + l**2 - 41*l + 138. Let w be v(4). Calculate the greatest common divisor of 21 and w.
21
Let d = 5477 - 5290. Calculate the highest common factor of d and 867.
17
Suppose -34*x + 18359 + 155576 + 125605 = 0. What is the highest common factor of 10 and x?
10
Let f = -131 + 199. Suppose 263 - 98 = -5*w. Let l be (w/(-6))/(-11)*-204. Calculate the highest common divisor of f and l.
34
Suppose -r = -27*r + 3328. Suppose -4*u + 384 = 3*z, -19*u + 17*u = z - r. What is the greatest common divisor of z and 96?
32
Suppose 752*w = 754*w + 4*z - 2540, -3*z - 1280 = -w. Calculate the highest common divisor of 286 and w.
26
Let z(p) be the first derivative of -p**2/2 + 17*p + 4. Let i be z(0). Let q be (152/(-16) - -8)*-34. What is the greatest common divisor of q and i?
17
Suppose 0 = 186*a - 175*a - 54626. What is the highest common divisor of a and 26?
26
Let g(n) = n**2 + 8*n + 11. Let y = 23 + -31. Let q be g(y). Let z be (-4 + q)*(-10)/(-5). What is the highest common divisor of z and 98?
14
Let s(q) be the first derivative of 2*q**2 - 13. Let l be s(1). Suppose -15*m - 1 = -31. What is the highest common factor of l and m?
2
Let y = 211 + 112. Suppose -9*d + 136 + y = 0. What is the greatest common divisor of d and 323?
17
Let d = -2 - -7. Let q = -26575 + 26725. Calculate the greatest common divisor of q and d.
5
Let m(h) = 2*h**2 - 7*h + 109. Let l be m(0). Suppose 0 = b + n - 229, 350 - l = b + 4*n. Calculate the greatest common factor of 150 and b.
75
Let g = 496 + -88. Let h = 458 + -424. What is the greatest common factor of g and h?
34
Let u be (1 + 1/(-2))/(10/(-1200)). Let g be (-2152)/u - (-4)/30. Let f be (2 - 10)*((-12)/(-8) - 3). What is the greatest common divisor of g a